{"id":79597,"date":"2025-11-07T11:27:29","date_gmt":"2025-11-07T10:27:29","guid":{"rendered":"https:\/\/www.amisdeleuro.org\/?post_type=product&#038;p=79597"},"modified":"2026-02-23T22:51:56","modified_gmt":"2026-02-23T21:51:56","slug":"adhesion-2026","status":"publish","type":"product","link":"https:\/\/www.amisdeleuro.org\/pt\/produto\/adhesion-2026\/","title":{"rendered":"Adh\u00e9sion &#8211; 2026"},"content":{"rendered":"<p>Todas as pessoas singulares ou colectivas que desejem apoiar a associa\u00e7\u00e3o, que sejam aceites pelo Conselho de Administra\u00e7\u00e3o e que paguem a quota anual de\u00a0<strong>15 euros<\/strong>\u00a0(ou a contribui\u00e7\u00e3o \"vital\u00edcia\" de\u00a0<strong>225 euros<\/strong>). Assim que a sua taxa de subscri\u00e7\u00e3o for recebida e a sua ades\u00e3o aceite, receber\u00e1 uma mensagem eletr\u00f3nica de boas-vindas com os seus c\u00f3digos de acesso.<\/p>","protected":false},"excerpt":{"rendered":"<p>Todas as pessoas singulares ou colectivas que desejem apoiar a associa\u00e7\u00e3o, que sejam aceites pelo Conselho de Administra\u00e7\u00e3o e que paguem a quota anual de\u00a0<strong>15 euros<\/strong>\u00a0(ou a contribui\u00e7\u00e3o \"vital\u00edcia\" de\u00a0<strong>225 euros<\/strong>). Assim que a sua taxa de subscri\u00e7\u00e3o for recebida e a sua ades\u00e3o aceite, receber\u00e1 uma mensagem eletr\u00f3nica de boas-vindas com os seus c\u00f3digos de acesso.<\/p>","protected":false},"featured_media":466,"template":"","meta":{"_acf_changed":false,"pmpro_default_level":""},"product_brand":[],"product_cat":[2297],"product_tag":[],"class_list":{"0":"post-79597","1":"product","2":"type-product","3":"status-publish","4":"has-post-thumbnail","6":"product_cat-adhesion-annuelle","7":"pmpro-has-access","9":"first","10":"instock","11":"virtual","12":"sold-individually","13":"purchasable","14":"product-type-simple"},"acf":[],"_links":{"self":[{"href":"https:\/\/www.amisdeleuro.org\/pt\/wp-json\/wp\/v2\/product\/79597","targetHints":{"allow":["GET"]}}],"collection":[{"href":"https:\/\/www.amisdeleuro.org\/pt\/wp-json\/wp\/v2\/product"}],"about":[{"href":"https:\/\/www.amisdeleuro.org\/pt\/wp-json\/wp\/v2\/types\/product"}],"wp:featuredmedia":[{"embeddable":true,"href":"https:\/\/www.amisdeleuro.org\/pt\/wp-json\/wp\/v2\/media\/466"}],"wp:attachment":[{"href":"https:\/\/www.amisdeleuro.org\/pt\/wp-json\/wp\/v2\/media?parent=79597"}],"wp:term":[{"taxonomy":"product_brand","embeddable":true,"href":"https:\/\/www.amisdeleuro.org\/pt\/wp-json\/wp\/v2\/product_brand?post=79597"},{"taxonomy":"product_cat","embeddable":true,"href":"https:\/\/www.amisdeleuro.org\/pt\/wp-json\/wp\/v2\/product_cat?post=79597"},{"taxonomy":"product_tag","embeddable":true,"href":"https:\/\/www.amisdeleuro.org\/pt\/wp-json\/wp\/v2\/product_tag?post=79597"}],"curies":[{"name":"wp","href":"https:\/\/api.w.org\/{rel}","templated":true}]}}

Adhésion &#8211; 2026

<p>Todas as pessoas singulares ou colectivas que desejem apoiar a associação, que sejam aceites pelo Conselho de Administração e que paguem a quota anual de <strong>15 euros</strong> (ou a contribuição "vitalícia" de <strong>225 euros</strong>). Assim que a sua taxa de subscrição for recebida e a sua adesão aceite, receberá uma mensagem eletrónica de boas-vindas com os seus códigos de acesso.</p>
