{"id":2471,"date":"2023-06-30T07:50:48","date_gmt":"2023-06-30T07:50:48","guid":{"rendered":"https:\/\/www.amisdeleuro.org\/?page_id=2471"},"modified":"2025-11-15T15:40:20","modified_gmt":"2025-11-15T14:40:20","slug":"recherche-annonces","status":"publish","type":"page","link":"https:\/\/www.amisdeleuro.org\/pt\/recherche-annonces\/","title":{"rendered":"Recherche &#8211; Annonces"},"content":{"rendered":"<div class=\"pmpro\"><div class=\"pmpro_card pmpro_content_message\"><div class=\"pmpro_card_content\">Este conte\u00fado \u00e9 reservado aos membros da associa\u00e7\u00e3o. <a href=\"https:\/\/www.amisdeleuro.org\/pt\/shop-adhesion\/\">Aderir<\/a><\/div><div class=\"pmpro_card_actions pmpro_font-medium\">Already a member? <a href=\"https:\/\/www.amisdeleuro.org\/wp-login.php?redirect_to=https%3A%2F%2Fwww.amisdeleuro.org%2Fpt%2Frecherche-annonces%2F\">Inicie sess\u00e3o aqui<\/a><\/div><\/div><\/div>","protected":false},"excerpt":{"rendered":"<div class=\"pmpro\"><div class=\"pmpro_card pmpro_content_message\"><div class=\"pmpro_card_content\">Este conte\u00fado \u00e9 reservado aos membros da associa\u00e7\u00e3o. <a href=\"https:\/\/www.amisdeleuro.org\/pt\/shop-adhesion\/\">Aderir<\/a><\/div><div class=\"pmpro_card_actions pmpro_font-medium\">Already a member? <a href=\"https:\/\/www.amisdeleuro.org\/wp-login.php?redirect_to=https%3A%2F%2Fwww.amisdeleuro.org%2Fpt%2Frecherche-annonces%2F\">Inicie sess\u00e3o aqui<\/a><\/div><\/div><\/div>","protected":false},"author":1,"featured_media":0,"parent":0,"menu_order":0,"comment_status":"closed","ping_status":"closed","template":"","meta":{"_acf_changed":false,"pmpro_default_level":"","footnotes":""},"categories":[368],"tags":[],"class_list":["post-2471","page","type-page","status-publish","hentry","category-catalogue","pmpro-level-required","pmpro-level-2","pmpro-level-5","pmpro-level-7","pmpro-level-9","pmpro-level-10","pmpro-no-access"],"acf":[],"_links":{"self":[{"href":"https:\/\/www.amisdeleuro.org\/pt\/wp-json\/wp\/v2\/pages\/2471","targetHints":{"allow":["GET"]}}],"collection":[{"href":"https:\/\/www.amisdeleuro.org\/pt\/wp-json\/wp\/v2\/pages"}],"about":[{"href":"https:\/\/www.amisdeleuro.org\/pt\/wp-json\/wp\/v2\/types\/page"}],"author":[{"embeddable":true,"href":"https:\/\/www.amisdeleuro.org\/pt\/wp-json\/wp\/v2\/users\/1"}],"replies":[{"embeddable":true,"href":"https:\/\/www.amisdeleuro.org\/pt\/wp-json\/wp\/v2\/comments?post=2471"}],"version-history":[{"count":25,"href":"https:\/\/www.amisdeleuro.org\/pt\/wp-json\/wp\/v2\/pages\/2471\/revisions"}],"predecessor-version":[{"id":80129,"href":"https:\/\/www.amisdeleuro.org\/pt\/wp-json\/wp\/v2\/pages\/2471\/revisions\/80129"}],"wp:attachment":[{"href":"https:\/\/www.amisdeleuro.org\/pt\/wp-json\/wp\/v2\/media?parent=2471"}],"wp:term":[{"taxonomy":"category","embeddable":true,"href":"https:\/\/www.amisdeleuro.org\/pt\/wp-json\/wp\/v2\/categories?post=2471"},{"taxonomy":"post_tag","embeddable":true,"href":"https:\/\/www.amisdeleuro.org\/pt\/wp-json\/wp\/v2\/tags?post=2471"}],"curies":[{"name":"wp","href":"https:\/\/api.w.org\/{rel}","templated":true}]}}

<div class="pmpro"><div class="pmpro_card pmpro_content_message"><div class="pmpro_card_content">Este conteúdo é reservado aos membros da associação. <a href="https://www.amisdeleuro.org/pt/shop-adhesion/">Aderir</a></div><div class="pmpro_card_actions pmpro_font-medium">Already a member? <a href="https://www.amisdeleuro.org/wp-login.php?redirect_to=https%3A%2F%2Fwww.amisdeleuro.org%2Fpt%2Frecherche-annonces%2F">Inicie sessão aqui</a></div></div></div>
