{"id":79597,"date":"2025-11-07T11:27:29","date_gmt":"2025-11-07T10:27:29","guid":{"rendered":"https:\/\/www.amisdeleuro.org\/?post_type=product&#038;p=79597"},"modified":"2026-02-23T22:51:56","modified_gmt":"2026-02-23T21:51:56","slug":"adhesion-2026","status":"publish","type":"product","link":"https:\/\/www.amisdeleuro.org\/en\/product\/adhesion-2026\/","title":{"rendered":"Adh\u00e9sion &#8211; 2026"},"content":{"rendered":"<p>Toutes les personnes physiques ou morales qui souhaitent soutenir l&rsquo;association, qui sont accept\u00e9es par le Conseil d&rsquo;Administration et qui r\u00e8glent la cotisation annuelle de\u00a0<strong>15 euros<\/strong>\u00a0(ou la cotisation \u00ab\u00a0\u00e0 vie\u00a0\u00bb de\u00a0<strong>225 euros<\/strong>). D\u00e8s votre cotisation re\u00e7ue et votre adh\u00e9sion accept\u00e9e, vous recevrez un e-mail d&rsquo;accueil contenant vos codes d&rsquo;acc\u00e8s.<\/p>","protected":false},"excerpt":{"rendered":"<p>Toutes les personnes physiques ou morales qui souhaitent soutenir l&rsquo;association, qui sont accept\u00e9es par le Conseil d&rsquo;Administration et qui r\u00e8glent la cotisation annuelle de\u00a0<strong>15 euros<\/strong>\u00a0(ou la cotisation \u00ab\u00a0\u00e0 vie\u00a0\u00bb de\u00a0<strong>225 euros<\/strong>). D\u00e8s votre cotisation re\u00e7ue et votre adh\u00e9sion accept\u00e9e, vous recevrez un e-mail d&rsquo;accueil contenant vos codes d&rsquo;acc\u00e8s.<\/p>","protected":false},"featured_media":466,"template":"","meta":{"_acf_changed":false,"pmpro_default_level":""},"product_brand":[],"product_cat":[2297],"product_tag":[],"class_list":{"0":"post-79597","1":"product","2":"type-product","3":"status-publish","4":"has-post-thumbnail","6":"product_cat-adhesion-annuelle","7":"pmpro-has-access","9":"first","10":"instock","11":"virtual","12":"sold-individually","13":"purchasable","14":"product-type-simple"},"acf":[],"_links":{"self":[{"href":"https:\/\/www.amisdeleuro.org\/en\/wp-json\/wp\/v2\/product\/79597","targetHints":{"allow":["GET"]}}],"collection":[{"href":"https:\/\/www.amisdeleuro.org\/en\/wp-json\/wp\/v2\/product"}],"about":[{"href":"https:\/\/www.amisdeleuro.org\/en\/wp-json\/wp\/v2\/types\/product"}],"wp:featuredmedia":[{"embeddable":true,"href":"https:\/\/www.amisdeleuro.org\/en\/wp-json\/wp\/v2\/media\/466"}],"wp:attachment":[{"href":"https:\/\/www.amisdeleuro.org\/en\/wp-json\/wp\/v2\/media?parent=79597"}],"wp:term":[{"taxonomy":"product_brand","embeddable":true,"href":"https:\/\/www.amisdeleuro.org\/en\/wp-json\/wp\/v2\/product_brand?post=79597"},{"taxonomy":"product_cat","embeddable":true,"href":"https:\/\/www.amisdeleuro.org\/en\/wp-json\/wp\/v2\/product_cat?post=79597"},{"taxonomy":"product_tag","embeddable":true,"href":"https:\/\/www.amisdeleuro.org\/en\/wp-json\/wp\/v2\/product_tag?post=79597"}],"curies":[{"name":"wp","href":"https:\/\/api.w.org\/{rel}","templated":true}]}}

Adhésion &#8211; 2026

<p>Toutes les personnes physiques ou morales qui souhaitent soutenir l&rsquo;association, qui sont acceptées par le Conseil d&rsquo;Administration et qui règlent la cotisation annuelle de <strong>15 euros</strong> (ou la cotisation « à vie » de <strong>225 euros</strong>). Dès votre cotisation reçue et votre adhésion acceptée, vous recevrez un e-mail d&rsquo;accueil contenant vos codes d&rsquo;accès.</p>
