{"id":79597,"date":"2025-11-07T11:27:29","date_gmt":"2025-11-07T10:27:29","guid":{"rendered":"https:\/\/www.amisdeleuro.org\/?post_type=product&#038;p=79597"},"modified":"2026-02-23T22:51:56","modified_gmt":"2026-02-23T21:51:56","slug":"adhesion-2026","status":"publish","type":"product","link":"https:\/\/www.amisdeleuro.org\/de\/produkt\/adhesion-2026\/","title":{"rendered":"Adh\u00e9sion &#8211; 2026"},"content":{"rendered":"<p>Alle nat\u00fcrlichen oder juristischen Personen, die den Verein unterst\u00fctzen m\u00f6chten, vom Vorstand akzeptiert werden und den Jahresbeitrag von\u00a0<strong>15 Euro<\/strong>\u00a0(oder der \"lebenslange\" Beitrag von\u00a0<strong>225 Euro<\/strong>). Sobald Ihr Mitgliedsbeitrag eingegangen ist und Ihre Mitgliedschaft akzeptiert wurde, erhalten Sie eine Begr\u00fc\u00dfungs-E-Mail mit Ihren Zugangsdaten.<\/p>","protected":false},"excerpt":{"rendered":"<p>Alle nat\u00fcrlichen oder juristischen Personen, die den Verein unterst\u00fctzen m\u00f6chten, vom Vorstand akzeptiert werden und den Jahresbeitrag von\u00a0<strong>15 Euro<\/strong>\u00a0(oder der \"lebenslange\" Beitrag von\u00a0<strong>225 Euro<\/strong>). Sobald Ihr Mitgliedsbeitrag eingegangen ist und Ihre Mitgliedschaft akzeptiert wurde, erhalten Sie eine Begr\u00fc\u00dfungs-E-Mail mit Ihren Zugangsdaten.<\/p>","protected":false},"featured_media":466,"template":"","meta":{"_acf_changed":false,"pmpro_default_level":""},"product_brand":[],"product_cat":[2297],"product_tag":[],"class_list":{"0":"post-79597","1":"product","2":"type-product","3":"status-publish","4":"has-post-thumbnail","6":"product_cat-adhesion-annuelle","7":"pmpro-has-access","9":"first","10":"instock","11":"virtual","12":"sold-individually","13":"purchasable","14":"product-type-simple"},"acf":[],"_links":{"self":[{"href":"https:\/\/www.amisdeleuro.org\/de\/wp-json\/wp\/v2\/product\/79597","targetHints":{"allow":["GET"]}}],"collection":[{"href":"https:\/\/www.amisdeleuro.org\/de\/wp-json\/wp\/v2\/product"}],"about":[{"href":"https:\/\/www.amisdeleuro.org\/de\/wp-json\/wp\/v2\/types\/product"}],"wp:featuredmedia":[{"embeddable":true,"href":"https:\/\/www.amisdeleuro.org\/de\/wp-json\/wp\/v2\/media\/466"}],"wp:attachment":[{"href":"https:\/\/www.amisdeleuro.org\/de\/wp-json\/wp\/v2\/media?parent=79597"}],"wp:term":[{"taxonomy":"product_brand","embeddable":true,"href":"https:\/\/www.amisdeleuro.org\/de\/wp-json\/wp\/v2\/product_brand?post=79597"},{"taxonomy":"product_cat","embeddable":true,"href":"https:\/\/www.amisdeleuro.org\/de\/wp-json\/wp\/v2\/product_cat?post=79597"},{"taxonomy":"product_tag","embeddable":true,"href":"https:\/\/www.amisdeleuro.org\/de\/wp-json\/wp\/v2\/product_tag?post=79597"}],"curies":[{"name":"wp","href":"https:\/\/api.w.org\/{rel}","templated":true}]}}

Adhésion &#8211; 2026

<p>Alle natürlichen oder juristischen Personen, die den Verein unterstützen möchten, vom Vorstand akzeptiert werden und den Jahresbeitrag von <strong>15 Euro</strong> (oder der "lebenslange" Beitrag von <strong>225 Euro</strong>). Sobald Ihr Mitgliedsbeitrag eingegangen ist und Ihre Mitgliedschaft akzeptiert wurde, erhalten Sie eine Begrüßungs-E-Mail mit Ihren Zugangsdaten.</p>
